atest common divisor of w and 112.
14
Let k(m) = -m + 112. Let h be k(0). Let l = -37 + h. Calculate the highest common divisor of 30 and l.
15
Suppose x = -1, -4*x - 195 = 5*z + x. Let s = -21 - z. What is the highest common factor of 34 and s?
17
Let u be (1 - 85/95) + 74/19. Let h be u/(-24)*-4 - (-102)/9. Let c be 1 + (-3)/(3/(-5)). What is the highest common factor of h and c?
6
Let d be (-1)/((-3 - 1)/364). Let o = -75 + d. What is the greatest common factor of o and 2?
2
Suppose 4*n - 24 = 2*w, 0 = 2*n + 2*n - 4*w - 32. Suppose 2*p = 6, 4*p = -2*d - d + 108. What is the highest common factor of d and n?
4
Suppose 2*w + 400 = 3*p, p - 396 = -2*p + 3*w. Suppose 10*q = 6*q + 32. Let o be -8 + q - -17*1. Calculate the greatest common factor of p and o.
17
Let m be (-1)/1*2664/(-36). What is the highest common factor of 296 and m?
74
Let s be 11*-7*(-3)/1 + 0. Let x(g) = g**2 + 8*g + 1. Let n be x(-10). Calculate the greatest common divisor of s and n.
21
Suppose 176 = -7*t - 9*t. Let l be (5*-5)/(t - -10). Calculate the highest common factor of 75 and l.
25
Let g = -96 - -129. What is the highest common factor of 110 and g?
11
Let u be (-12)/(0 - (-15)/(75/(-10))). Let o = -44 - -62. Suppose -l = -6 - o. What is the highest common divisor of l and u?
6
Suppose -2*l - 2*z = -72, -4*l + 3*z + 162 = -2*z. Let r(d) = 6*d - 24. Let a be r(12). Suppose -a = -3*g + 9. What is the highest common divisor of l and g?
19
Let k(s) = 2*s**2 + 45. Let i(t) = -t**2 + 2*t + 7. Let n be i(5). Let c = -8 - n. Let b be k(c). Calculate the highest common divisor of 18 and b.
9
Suppose 8*b + 30*b = 38. Calculate the greatest common factor of b and 87.
1
Let g = 1384 + -1330. Suppose 5*h = 2*x + 24, 21 = -0*h + 5*h - 3*x. Calculate the highest common factor of g and h.
6
Let o = 22 + 12. Let x(h) = -17*h**3 + 2*h**2 + h - 1. Let g be x(-1). Calculate the greatest common factor of o and g.
17
Suppose -l - 36 + 31 = 0, 13 = 3*s + l. What is the greatest common divisor of 63 and s?
3
Let g be (-104)/(-16) + -8 - (-571)/2. Let b = g - -157. What is the greatest common divisor of b and 49?
49
Let x(r) = -7*r - 7. Let n be x(-3). Let q(a) = -5*a + 0*a**2 - a + 12*a**2 - 2 + 4*a. Let d be q(2). Calculate the highest common divisor of n and d.
14
Let r(c) = 2*c - 9. Let a be r(6). Let y(z) = 29*z + 1. Let w be y(a). Let v be 14/(-21) - (-52)/6. What is the highest common divisor of v and w?
8
Let j = 1355 - 1121. What is the greatest common factor of 108 and j?
18
Suppose -q + 2 = -1, -2*q - 546 = -4*f. Suppose -z - 13 = -f. Suppose -s - 2*s - 5*a + 343 = 0, -s + z = -a. Calculate the greatest common factor of 11 and s.
11
Let g(a) = 4*a - 6. Let s be g(7). Let h(t) = -1 + 4 - s*t - 1. Let c be h(-1). What is the greatest common divisor of c and 6?
6
Let r be 625 + (-7 + 92/12)*-3. What is the greatest common divisor of 356 and r?
89
Let h(k) = -17*k**2 - 9*k - 15. Let a(c) = -8*c**2 - 4*c - 7. Let r(v) = -13*a(v) + 6*h(v). Let j be r(3). Calculate the greatest common divisor of j and 39.
13
Let l(a) = -a**2 - 7*a - 6. Let u be l(-6). Suppose u = -5*f - 4 + 74. Suppose -2*z - 2*s = 28 - 140, 5*s = 0. What is the highest common divisor of z and f?
14
Let y be (0/2 - 63)*-1. Suppose 2*r + 3*r - 1115 = 0. Suppose 0 = 2*l - h - r, 2*l - 148 - y = -3*h. What is the highest common divisor of 10 and l?
10
Let q = 253 - 186. Calculate the greatest common factor of q and 335.
67
Let q(m) = 24*m**2 + m - 5. Let n be q(-4). What is the greatest common divisor of n and 150?
75
Let t(k) = -6*k - 2. Let b be t(-11). Let f = b - 32. Suppose 3*i + 46 - 430 = 0. Calculate the highest common factor of f and i.
32
Suppose 1 = 3*h - 2. Let v = 128 + -124. Suppose -2*g - 9*y = -4*y - 25, 3*y = v*g - 11. Calculate the greatest common factor of h and g.
1
Suppose -45 = 2*z + 109. Let g = z + 173. Calculate the greatest common divisor of 32 and g.
32
Let w be ((-28)/(-12))/(3/(-396)*2). Let k = w - -304. Calculate the greatest common divisor of k and 15.
15
Let h = -677 + 692. Let k(d) = 43*d - 2. Let w be k(-2). Let a = w + 253. Calculate the greatest common divisor of h and a.
15
Suppose 394 - 100 = 6*g. Calculate the highest common divisor of g and 14.
7
Suppose 33 = 3*i + 6. Let k = 70 + i. Let y = -54 + k. What is the greatest common divisor of 25 and y?
25
Suppose -5*t = -b - 282, -4*t + 72 + 144 = 4*b. Suppose -64*r + 79*r = 120. Calculate the greatest common divisor of t and r.
8
Let d = -28 - -32. Let b be (-9)/d*(-4)/1. What is the highest common factor of 45 and b?
9
Let q be 1 + (-1)/1 + 0. Let z be ((-14)/(-8) - 2) + 305/20. Let a = z + q. What is the highest common divisor of 105 and a?
15
Suppose 5*b - 3*j = 41, -6 = -j - j. What is the greatest common divisor of b and 530?
10
Let p(g) = 6*g + 1. Let w(l) = l. Let o = 10 - 14. Let k(y) = o*w(y) + p(y). Let x be k(3). What is the highest common factor of 1 and x?
1
Let h(r) = -40*r - 4. Let p(n) = 23*n**3 + n**2 - n. Let c be p(1). Let t = 20 - c. Let w be h(t). What is the greatest common divisor of w and 29?
29
Let k = -1 - -5. Let f = k + 8. Let y = 24 - 6. Calculate the highest common factor of f and y.
6
Let g be 3*-1 - (10 - 17). Calculate the highest common factor of 188 and g.
4
Suppose 5*o - 3*y = 14, 3*y = o + 2*y - 2. What is the highest common divisor of 412 and o?
4
Let v(g) = g + 1 + g**2 - 11 + 6*g. Let h be v(-9). Suppose 4*n = -2*c + h*n + 198, 3*n = c - 96. Calculate the greatest common factor of c and 15.
15
Let q be (-10)/45 + 1960/72. What is the greatest common divisor of 243 and q?
27
Let f be 0 + -2 + (-1 - 312). Let q be 0 - -1 - -1 - f. Suppose -p + q = j, -p + 955 = 5*j - 2*j. What is the greatest common divisor of 29 and j?
29
Let p(l) = -l**3 - 2*l**2 - 7*l - 2. Let z be p(-3). Calculate the greatest common divisor of 938 and z.
14
Let p be (-1)/(-4) - (-495)/4. Suppose 2*o - 4*s = 54, -1 = -5*s + 9. Calculate the highest common factor of o and p.
31
Let x(g) = -g + 12*g + 6*g + 6 + g + 5*g**2. Let y be x(-4). Let a be (56 - 1) + 2 - 1. Calculate the greatest common factor of y and a.
14
Let f(u) = -2*u**2 + 117*u - 253. Let o be f(48). Calculate the highest common divisor of o and 5.
5
Let r = 93 - -25. Suppose -r - 273 = -17*b. What is the highest common factor of 92 and b?
23
Let p = -14 - -14. Suppose p = 2*s + w - 18, 0 = 4*s - 2*w - 33 - 3. What is the greatest common factor of s and 18?
9
Let c(l) = l**2 + 13*l - 55. Let a be c(-17). Suppose -3*t + a*t = 160. What is the greatest common divisor of 2 and t?
2
Let r(o) = -4*o**3 + 6*o**2 + 9*o - 4. Let a be r(-4). Calculate the greatest common divisor of a and 39.
39
Suppose -5*f + 145 = 5*c, -3*f + 2*f - 2 = 0. Suppose -2*b + 300 = -6*j + 8*j, 4*j + 3*b = 605. What is the highest common factor of c and j?
31
Suppose -16*w + 645 = -18395. What is the highest common divisor of w and 70?
70
Suppose -15 = -24*g + 801. What is the highest common divisor of 2 and g?
2
Let b = 165 + -163. Let n be ((-126)/(-8))/(b/((-32)/(-6))). What is the greatest common divisor of 18 and n?
6
Suppose 6*x = 287 - 11. Suppose -18 = 2*j - 2*g - 0, -3*j + 5*g = 33. Let k = j + x. Calculate the highest common factor of k and 60.
20
Suppose 5*a + p + 4 = -1, 0 = -4*p + 20. Let c(i) = i - 1. Let z be c(a). Let s be 19/4*(7 + z). Calculate the greatest common divisor of s and 19.
19
Suppose 5*u + 0*u + 50 = 0. Let m(y) = -y + 3. Let j be m(u). Let t = j - 6. Calculate the highest common divisor of t and 28.
7
Suppose -7*i + 5*i + 198 = 0. Let j be ((-180)/75)/(4/(-110)). Calculate the greatest common divisor of i and j.
33
Let u = 81 + -11. Let b = 8829 - 8801. Calculate the greatest common factor of b and u.
14
Suppose 6*m = 2*m + 56. Suppose -4*g + 3*s = -2*s - 8, -2*g + 4 = 5*s. What is the greatest common factor of m and g?
2
Let l be ((-18)/(-4))/((-2)/(-4)). Suppose l*y - 84 = 96. What is the greatest common factor of 25 and y?
5
Suppose 258 - 103 = 31*j. Let h = 7 + -3. What is the highest common factor of j and h?
1
Let s = 56 + 8. Let i(t) = -t**3 - 20*t**2 + 86*t + 399. Let o be i(-23). Calculate the greatest common divisor of o and s.
8
Let g(k) = k**3 + 7*k**2 - 10*k - 1. Let r be g(-6). Let a be (-1)/(6/4 - 1). Let w be (38/(-3))/(a/3). What is the greates